
Suppose 2*v = 8 - 30. Let n be 6/3 - (2507 + v). Let c = n - -4037. Is c a prime number?
True
Let u(j) = 112*j**3 + 7*j**2 + 136*j + 58. Is u(13) composite?
True
Is 5/(-3*(-12)/(-90)*70/(-5433596)) a prime number?
False
Let x(d) = 1122 + 288*d + 1094 - 2067. Is x(21) a prime number?
True
Let i(q) = 106*q + 77. Suppose -x + 0 = -14. Is i(x) a prime number?
False
Suppose 4*r - 4*j + 8*j = 28, -2*j = -5*r + 28. Is (-4 - -3)*2*(-4083)/r a prime number?
True
Suppose 17*f - 666242 = 8963459. Is f a composite number?
False
Suppose -3*j - 3*j = -12. Suppose -3*k + k - 4 = 0, -2*k = x - j. Suppose -r + 238 = o, 2*r = x - 0. Is o prime?
False
Let a = -2977 + 3076. Suppose 0 = h + 29 - 136. Let z = h + a. Is z prime?
False
Let g = 229242 - 159020. Is g composite?
True
Let s = -288 - -1. Let z = 376 + s. Is z composite?
False
Suppose 105*i - 109*i + 1171966 = 2*t, i - 5*t - 292942 = 0. Is i composite?
True
Is ((-299101)/4)/((-189)/108*2/14) composite?
True
Is 2*((0 - 1) + 1018324/152) a prime number?
True
Suppose 55262 - 381292 = -2*x. Is x composite?
True
Suppose 54*f - 26718 = 72*f - 533652. Is f composite?
False
Let b = 11341 + -6794. Is b a composite number?
False
Let z = 42292 + 88825. Is z a prime number?
False
Suppose 2*k = -k + 3*p, 0 = 2*k + 5*p - 21. Let u(n) = -4*n**2 - n - 2. Let i(y) = 4*y**2 + 2*y + 1. Let b(s) = -2*i(s) - 3*u(s). Is b(k) a prime number?
True
Suppose 5*j - 237779 = 2*y - y, 0 = 4*j - y - 190224. Is j prime?
False
Suppose 5*z + 15 = 8*z. Suppose z*x = -5*c + 30345, 2*x + 6*c - 12150 = 7*c. Is x a prime number?
True
Suppose 21*u + 813982 = 23*u + 4*h, 0 = u - 2*h - 407015. Is u a composite number?
True
Let s(f) = -1579*f**3 - f**2 + 2*f + 8. Is s(-3) prime?
False
Let l(u) = -u**2 + 7*u - 27. Let k be l(9). Let a = k + 45. Suppose a = -m + 830 - 33. Is m a prime number?
True
Is (2 + (-194156)/(-20))/(69/230) a composite number?
True
Let i(c) = -205*c**3 + 2*c**2 + 2*c - 1. Let o(g) = g**2 - 4*g + 2. Let l be o(3). Let j be (l + -3)*2/4. Is i(j) composite?
True
Let d be (20313/(-148))/((-6)/16). Suppose 5*i = 15, -2*i = -p + 1195 + d. Is p prime?
True
Let u(j) = 56*j + 781. Let r be u(-14). Let v(g) = 13 + 5*g + 0 - 4*g + 51*g**2. Is v(r) prime?
False
Suppose 5*v = 29*q - 26*q - 4575444, 0 = -q - v + 1525124. Is q prime?
True
Let l = 12752 + 110885. Is l prime?
True
Let y(h) = 6*h**2 - h - 1. Let o be y(1). Let v(a) = -3 + 0 - o*a + 5 + 3 + 610*a**2. Is v(1) a prime number?
False
Let k(o) = 20733*o**3 - 6*o**2 + 3*o - 7. Is k(3) a composite number?
False
Is (-6)/(-4)*7468 - 975/195 a composite number?
False
Let n be (0 - (4 - 14))*(-21)/(-6). Let w = 39 - n. Suppose w*r + 5*m = 7239, 0 = 5*r - 4*m - 1765 - 7294. Is r a prime number?
True
Let r(t) = 162*t**2 - 40*t - 165. Is r(-8) prime?
False
Let v(z) = 7*z**3 + 4*z**2 - 5*z + 17. Let w(x) = x - 2. Let t(g) = v(g) + 2*w(g). Is t(6) a composite number?
True
Suppose -4*h - 4*h = -24. Suppose -a - 21359 = -y, h*a = y - a - 21353. Is y prime?
False
Suppose -5*l + 5*m = -16892 - 153, -3*l + 2*m = -10232. Suppose 12*r - 1830 = l. Is r a prime number?
False
Suppose -28 = -2*s - 3*s - 3*j, 4*s - 23 = -3*j. Let n(o) = s + 120*o - 3 - 4. Is n(7) composite?
True
Let n(d) = -d**2 - 2*d - 1. Let j be n(-2). Let u(k) = 355*k**3 + 0*k - 514*k**3 + 2 - k**2 + k. Is u(j) a prime number?
False
Let l = -1072339 - -2053580. Is l prime?
True
Let w = -324642 - -1149871. Is w prime?
True
Suppose -5 = -2*m - 5*w, -5*m + 3*w - 4 = -w. Suppose -x + 0*x + 1357 = m. Is x composite?
True
Let q = -356 + 358. Suppose q*f + 8 = -0, -3*f - 2241 = -3*l. Is l a composite number?
False
Let n be (-731310)/76*-1*(-4)/(-5). Let m = n - 4939. Is m composite?
True
Let o be (-247)/(-3) - 5/(-3). Let b = o - -2233. Is b a composite number?
True
Let p(a) be the third derivative of -5*a**4/4 - a**3/3 + 11*a**2. Let u be p(-1). Let z = u - -90. Is z a composite number?
True
Let o be (-6)/(-9) - 26/(-6). Suppose -5*g = 3*s - 6*g - 17756, -s + 5916 = g. Suppose -7*p + o*p = -s. Is p a composite number?
True
Suppose -10 = -5*x - a, -7 = -4*x - 3*a + 1. Suppose -29801 = -x*g - 5*z, 3*g - 16*z = -19*z + 44706. Is g a prime number?
False
Let v be 3/(25/(-10) + 4). Is (2 + (-7)/v)/((-102)/201416) prime?
False
Suppose 22*n - 188780 + 27034 - 412036 = 0. Is n a prime number?
False
Suppose 24597 = 4*t - 108468 - 123619. Is t a composite number?
False
Let d(q) = 3*q**2 + q. Let l be d(-1). Let n be (27780/88 + l/(-11))*2. Is n*(-3 - 16/(-4)) a composite number?
False
Suppose 39*a - 15 = 36*a. Suppose 8 = -w - t, 3*w = 4*w + a*t. Is 3 - ((-2)/5 - (-18976)/w) a prime number?
True
Let o = 307 - 241. Suppose -2*j + 126 = 4*v, -4*j - 3*v + o = -161. Is j a prime number?
True
Let w(t) = 324*t**2 + 31*t - 162. Let o be w(6). Suppose 11700 = 3*c + s, -c + 5*s - o = -4*c. Is c prime?
False
Let y(q) = q**2 + 3*q**2 - 152*q**3 + 133*q**3 + 1 + 0*q + 3*q. Suppose -u + 6*u + 10 = 0. Is y(u) a prime number?
True
Let q = -64128 + 235087. Is q composite?
True
Suppose -3*g + 3 = 0, 0 = 3*o - 4*g + 22 - 63. Suppose 0 = -o*d + 72352 + 75593. Is d a prime number?
False
Let y(j) = -j**2 + 11. Let s be y(3). Suppose -2*m = -f + 9, -3*m - 1 = -s*m. Is -11*(7/f)/(2/(-10)) composite?
True
Suppose 0 = -17*d + 325361 + 119240. Is d a composite number?
False
Let g = -69467 + 42613. Let j be 19/7 - 3 - g/7. Suppose -38*f - j = -42*f. Is f a composite number?
True
Let i(g) be the first derivative of 990*g**2 + 401*g - 329. Is i(13) prime?
True
Suppose -h + 7*s + 78565 = 11*s, -3*s = -4*h + 314279. Is h composite?
False
Let f(c) = -2*c**3 - 113*c**2 - 285*c + 77. Is f(-64) composite?
False
Suppose 27 = 5*v - 38. Let p be 2*-1*(12 - v). Suppose 4*g = -4*w + 1024, 5*g = p*g - 3. Is w prime?
True
Is 2/(-6)*5 - 1549744/(-24) a prime number?
False
Let j be -4 - 5/(-10)*0 - -7. Suppose 4*o + j*o - 8813 = 0. Is o prime?
True
Let k = 11217 - 11206. Let c(t) = -4*t + t**2 - 31 + 3*t**2 - 3*t**2. Is c(k) a prime number?
False
Suppose 2*x = 4*z - 371662, -47*z + 46*z = -5*x - 92920. Is z prime?
False
Suppose 4*n - 67 = 1. Let s(z) = 125*z - 52. Is s(n) a prime number?
False
Let b = -165 - -666. Let p = b - 404. Is p composite?
False
Let q(f) = 2*f**2 + 3*f - 4. Let v be q(-3). Let p be ((-60)/36)/(11830/11835 - 1). Suppose 5*t - 6570 = v*s, p = 5*t - 2*s - 2640. Is t composite?
False
Is 5*174687/9*3 prime?
False
Suppose -55*w + 65*w = 23300. Suppose 5*s + 3*t = 3500 + 2325, -2*s + w = -5*t. Is s prime?
False
Suppose 19*d = 20*d - 4. Suppose 0 = -2*g + 2*z + 2112, -2*z + 4214 = 4*g - d*z. Let r = g - -126. Is r a composite number?
True
Let n(u) = -u - 124. Let f be n(0). Let o be (135/20 + -6)/((-1)/4). Is (-9)/o + -5*f/4 a prime number?
False
Suppose 4*u - 4*l - 1894228 = 0, 13*u = 15*l - 16*l + 6156241. Is u composite?
True
Suppose -74*b = -34*b - 38*b - 98746. Is b composite?
True
Let r = 10 - 6. Suppose -3*i + 310 = 2*i + r*z, -3*z - 101 = -2*i. Let l = 169 - i. Is l a composite number?
True
Is ((-64)/(-28) + (-8)/28)*(-209143)/(-22) a prime number?
True
Is 10/70*(-18 + 144001) a prime number?
False
Let c be (-2802676)/(-406) + (-1)/7. Suppose -4998 - c = -3*g. Is g a prime number?
True
Let o be (-5 - (-15)/3) + -5. Is 1 + 9 + o - -11306 prime?
True
Suppose -735*m - 81876 = -739*m. Is m composite?
True
Let f be 78/(-20) - (-28)/(-280). Is 2 - 7 - f*792 prime?
True
Suppose 3*f + 3 = 18, -i - 5*f = -116784. Is i a prime number?
False
Suppose -5*a - 5*v = -9*a + 2539203, a - v - 634802 = 0. Is a composite?
False
Suppose -2*x = c - 242424, -4*x - 1475*c = -1474*c - 484846. Is x a prime number?
False
Suppose -2*n - 5*o - 31324 = -320655, o = 1. Is n prime?
False
Suppose 57*b + 9618607 = 11159683 + 13683453. Is b prime?
True
Let j(s) = 2*s**2 - 21*s + 52. Let p be j(8). Is ((1 - 45/p) + 3)*42308 a prime number?
False
Let m = -250 + 253. Suppose -8*a + 4*d + 1899 = -m*a, 0 = 4*d + 4. Is a prime?
True
Suppose 21 = 13*l - 18. Is (2179/l - -5) + (-4)/12 composite?
True
Let h(q) = 2*q**2 + 11*q + 20. Let r be h(-4). Let t = 11 - r. Suppose -4*j + d + 4608 = t*d, -j - 4*d = -1159. Is j a prime number?
True
Suppose -2*s + 2*w + 2 = 0, 3*s + 7 = 5*w + 12. Suppose -n - 11 + 16 = s. Is (-4 + -4193)*n/(-15) prime?
True
Suppose -8*y - 60440 - 239896 = 0. Is (19 + -17)/(3*(-4)/y) compo